 u be q(p). Give d(u).
2
Let l = 3 - -42. Suppose -4*a - i + 33 = l, -3*i = 4*a + 12. Let p(w) = -w**2 - 3. What is p(a)?
-12
Let w(c) = c**2 + 3. Suppose -7 = -27*o + 34*o. Let p(u) = -5*u**2 - 11. Let j(k) = o*p(k) - 4*w(k). Calculate j(5).
24
Let a(x) = 12*x. Suppose 58*z - 25*z - 8085 = 0. Let m = z - 243. Calculate a(m).
24
Let t(m) be the third derivative of m**6/120 - 11*m**5/60 + 3*m**4/8 + 2*m**3/3 - 4102*m**2. Determine t(10).
-6
Let f(l) = -75 + 1719*l - 1717*l + 9 + l**2. Give f(-9).
-3
Let t(l) = 4*l**2 + 4*l - 3. Let m(u) = -5*u**2 - 4*u + 4. Let y(a) = -5*m(a) - 6*t(a). Suppose -601 + 193 = 102*n. Give y(n).
30
Let q(c) be the third derivative of -c**5/60 + c**3/2 + 2465*c**2. What is q(3)?
-6
Let m(h) = 3*h**2 - 17*h + 49. Let o(q) = -2*q**2 + 12*q - 33. Let r(c) = 5*m(c) + 8*o(c). Calculate r(9).
-1
Let a(k) = 3 - 1 - 9 + 4*k. Suppose 2112*n = 2007*n + 315. Calculate a(n).
5
Let n(b) = 3*b**2 + 0*b - 4*b - 2*b**2 - 3*b**2 + b**2 + 5. Let g = 2 + 2. Calculate n(g).
-27
Let y(x) = -x**2 + 3*x - 2. Let o(v) = -2*v**2 + 3*v + 2. Let u be o(3). Let l be 0/1*(u + 8). Suppose -2*p + q + 5 = -10, l = -p - q. What is y(p)?
-12
Let a(l) = -12*l**3 - 50*l**2 + 33*l + 9. Let o(w) = -7*w**3 - 27*w**2 + 17*w + 5. Let m(q) = 4*a(q) - 7*o(q). Let c = 9 - -1. Determine m(c).
31
Let o(x) = 1. Let v(d) = d + 1. Suppose 0 = -4*l - 4*p - 28, 5*l + 6 + 20 = -2*p. Let c(w) = l*o(w) + 3*v(w). Give c(-1).
-4
Let m(a) = -12*a - 5. Let j(o) = -7*o + 1. Let d(s) = 2*j(s) - m(s). Let l be 2/12 + 735/126. Determine d(l).
-5
Suppose -5*t + 10 + 0 = 0. Let i(n) = n - 3*n**t + 0*n - n. Let k(p) = -p**2 + 61*p - 423. Let u be k(53). Calculate i(u).
-3
Let l(i) = i - 2. Let c be (2 + -2 + -1)*(-11 - 2). Let x = -10 + c. Suppose -4*v + 3*v - g = -3, -x*g + 3 = 0. Give l(v).
0
Let g(l) = -5*l**2 + 26*l - 1 - 21*l + 0*l**3 + 2*l**3. Let s be g(2). Let m(c) be the third derivative of -c**4/24 + 5*c**3/6 + 8*c**2. Give m(s).
0
Let g(c) = -4*c**3 + 3*c**3 - 2*c**3. Let u(d) = -4*d**3 + 60*d**2 - 17*d - 544. Let q be u(14). Calculate g(q).
-24
Let c(z) = 11*z + 17. Suppose -2*r - 5*g + 14 = 0, 6*r - 4*g + 1 = 11*r. Determine c(r).
-16
Let z(y) = 10*y**2 + 9*y - 22. Let c be z(0). Let a(k) = -k**3 - 20*k**2 + 46*k + 43. Calculate a(c).
-1
Let c(t) = -t**2 + 14*t - 31. Suppose 64*p = -60*p + 1364. Give c(p).
2
Let q(x) be the second derivative of -2*x - 1/20*x**5 + 0*x**2 - 1/6*x**3 + 18 - 1/4*x**4. Let n(v) = -2*v**2 - 3*v - 2. Let p be n(-2). Give q(p).
20
Let k(f) = f**3 - 19*f**2 + 31*f + 54. Let x be -1*(0 + 1 + 2 + -20). What is k(x)?
3
Suppose 4*x - 8*u - 53 = -3*u, -3*x = -3*u - 42. Suppose 0 = -f - 40 + x. Let a = 29 + f. Let q(v) = -v**2 + 8*v - 3. Calculate q(a).
9
Suppose -2*k = -5*o - 95, -13*k = -16*k + 2*o + 115. Suppose 15*j - k = 55. Let z(y) = y**2 - 9*y - 4. Determine z(j).
-22
Let x(r) = 8*r - 51. Let i = 1174 + -1166. Give x(i).
13
Let o(k) = -k**3 - 6*k**2 - k - 1. Let q(r) = 2*r**3 + 18*r**2 + r + 8. Let u(z) = -o(z) - q(z). Determine u(-12).
-7
Let i be -1 + (-32)/(-4) - 26/4. Let h(m) be the first derivative of 2*m - i*m**4 + 3/2*m**2 - 1/3*m**3 - 12. Calculate h(-2).
8
Let g(b) = -b - 1. Suppose -528 = -h - 5*h. Let k = h - 92. Let m be k/(4 + 4)*-6. What is g(m)?
-4
Let g(s) be the third derivative of -s**5/60 - 5*s**4/12 - 11*s**3/3 + 1884*s**2. Determine g(-6).
2
Suppose 15 = -w + 6*w. Let p(b) = -2*b**2 - 2*b - 2. Let n(o) = -o**2 - 3*o - 1. Let j(q) = w*n(q) - 2*p(q). Let f = -1142 + 1147. What is j(f)?
1
Suppose 1 + 1 = w. Let h(t) = 1 - 6*t**2 - 3*t**2 - w. Let d = 16 + -17. Calculate h(d).
-10
Let o(f) be the second derivative of -f**4/12 + 13*f**3/6 - 6*f**2 - 725*f - 1. What is o(9)?
24
Let j = 24 - 22. Let x be (-5*j)/(-1) + 2/(-2). Let q be x/3 - 2 - 2. Let a(h) = -4*h**3 - h**2 + 1. What is a(q)?
4
Suppose -k - 2*k = 3*z - 12, 2*k - 4*z = -4. Let j(t) = -10*t**2 + 2*t**2 - 13*t + 2*t**2 + t**2 + 18 + 6*t**k. Determine j(11).
-4
Let r(b) = 9 - 3*b + 2*b + 5 - b**3. Suppose 93 = 2*a + 27. Let i be a/44 - (-6)/(-8). Give r(i).
14
Let f(k) = -2*k**3 - 2*k**2 + 2*k + 1. Let b(n) = n**3 + 4*n**2 - 2*n + 12. Suppose 4*s = 8*t - 6*t - 12, 5*t + 5 = 3*s. Let w be b(s). Determine f(w).
31
Suppose -4*y - 5*u = -5*y - 59, y = 4*u - 54. Suppose -8 - 34 = -x. Let i = x + y. Let l(a) = a**2 - 7*a - 9. Give l(i).
-1
Let v(p) = p**3 - 23*p**2 + 22*p + 43. Let j = -14952 - -14974. Determine v(j).
43
Let z(p) = -1 - 5*p - p + 2*p**2 + 5*p. Suppose 4 = 3*m - 2*m. Let r(d) = d**3 - 3*d**2 - 3*d - 1. Let o be r(m). Determine z(o).
14
Let o(j) = 11851*j + 47398. Let a be o(-4). Let f(m) = 6*m + 4. Let y(z) = 12*z + 8. Let k(i) = -13*f(i) + 6*y(i). Determine k(a).
32
Let i(m) = 36*m + 142. Let w be -4*(-3)/(-12)*(31 - 27). Calculate i(w).
-2
Suppose n - 14 = 2*n + 5*h, -2*h + 116 = 8*n. Let x(s) = -s**2 + 14*s + 15. Give x(n).
-17
Let d(n) = 6*n + 25. Let y = 5489 - 5492. Calculate d(y).
7
Let a = 9 - 6. Suppose a*z = -3*t - 12, 4*t + 0 + 22 = -2*z. Let c(s) = -193*s - 1. Let o(y) = -161*y - 2. Let p(n) = 5*c(n) - 6*o(n). What is p(t)?
0
Let s = 525 + -522. Let l(j) = 2*j**3 - 2 - 4*j**s + 76*j + 2*j**2 - 74*j + j**3. Calculate l(2).
2
Let o(d) = -d**2 + 4*d + 1. Let h(l) be the second derivative of -l**4/12 + 3*l**3 - 7*l**2 - l - 3. Let x be h(17). Give o(x).
4
Let w(i) = 5*i**3 + 3*i**2 - 17*i + 36. Let z(h) = 24*h**3 + 16*h**2 - 85*h + 181. Let n(j) = 29*w(j) - 6*z(j). Calculate n(7).
-21
Let f be 2*-1 - (-201 + 14). Let p = f - 210. Let l(g) = g**3 + 26*g**2 + 24*g - 26. Calculate l(p).
-1
Let a = -1753 - -1746. Let p(i) be the first derivative of i**4/4 + 2*i**3 - 5*i**2/2 - i + 7. Give p(a).
-15
Let p(u) = u + 7. Let i be p(-6). Let j(c) = -i + 2 + 1 + c. Let x(v) = 18*v**3 - 3677*v**2 + 4667*v + 402. Let n be x(203). Determine j(n).
-2
Let b(x) = -1 - 4*x + 2*x + 3*x**2 - 2*x**2 + x**2. Let l be 2/(76/(-19)*2/8). Give b(l).
11
Let l(q) = q**2 + 512*q + 14012. Let j be l(-29). Let c = 12 - 6. Let t(h) = -3 + 4*h**3 + 0 - 3*h**3 - c*h**2 + 2*h. What is t(j)?
-18
Let h(y) = y**3 + 3*y**2 + y + 4. Let m = 462 - 290. Let t = -175 + m. What is h(t)?
1
Suppose 5 = -5*b, -4*o + 2*b - 1080 = -1106. Let h(r) = 0*r**3 + 1 + r**3 - 2*r**3 + 2*r + 6*r**2. Calculate h(o).
13
Let a(h) = h**3 + 11*h**2 + 2*h + 5. Let b(c) = c**3 + 10*c**2 + 2*c + 5. Let t(z) = 8*a(z) - 9*b(z). Determine t(-5).
80
Let x(y) = 6*y**2 + 0 - 4*y**2 - 4. Suppose 2*z + 689*d - 688*d = -9, 3*z + d + 13 = 0. Determine x(z).
28
Let b(c) = c**3 + 2*c**2 - c - 2. Suppose -127 = -19*p + 25. Suppose 2*o + 4*t + 16 = -6, 4*o + p = t. What is b(o)?
-8
Let b = 282 + -280. Let g be (-1 + 1*b)/(256/(-1536)). Let s(w) = w**3 + 6*w**2 + 5*w + 7. Give s(g).
-23
Let p be -3*(0 + 12/9). Suppose o - 5*l = 15, 5*o + 5*l + 2 = -13. Let a(v) = -9*v**2 + 1 + o - 2*v + 8*v**2. What is a(p)?
-7
Let c(d) = -4*d + 9. Suppose -4*i + 4*l - 16 = 0, -42*i + 47*i + 8 = 2*l. What is c(i)?
9
Let h = -56318 - -56310. Let v(k) be the second derivative of k**4/12 + 7*k**3/6 - k**2/2 + 2*k. Determine v(h).
7
Let y(a) = -a**2 - 6*a - 9. Suppose -5*c - 3*k + 9 = -3, 5*c - k = -4. Let g be (-2 + c + 4)*10/(-4). Give y(g).
-4
Suppose -28 = 4*v - 2*g, -g - 36 = 27*v - 24*v. Let h(s) = -6*s - 7. Calculate h(v).
53
Let w(x) be the second derivative of x**3 + x**2/2 + 2*x. Let h be (5 - -8) + 7 + -33 + 12. Calculate w(h).
-5
Let y(n) = 3*n**2 + 58*n - 44. Let v(c) = 250 - c**2 - 495 - 20*c + 260. Let j(k) = 17*v(k) + 6*y(k). Give j(-8).
-9
Let s(j) = -3*j - 1. Suppose -3*l - 2*k = -5*l - 4, k = 5. Suppose 0 = -4*g - 3*h + 17, l*g + 5*h - 19 = g. Let f be g + (-32)/12 - (-15)/9. Give s(f).
-4
Let t(l) = 5*l**2 + 74*l - 22. Let u(p) = 3*p**2 + 35*p - 10. Let i(v) = 3*t(v) - 7*u(v). Give i(-4).
0
Let x(a) = 181*a - 81. Let o(g) = -23*g + 13. Let j(b) = 17*o(b) + 2*x(b). Calculate j(2).
1
Let w be 1/(-2)*5/((-5)/2). Let z(s) = 11*s**2 + 6*s - s**3 - w - 3*s**2 + 2*s**3. Determine z(-7).
6
Suppose 0 = 5*d - 11 + 146. Let k be (-3)/((-132)/d + -5). Let c(m) = 13 - k - m + 7 + 9. Give c(-9).
11
Let r(t) be the first derivative of 3*t**2/2 - 68*t + 6156. Determine r(24).
4
Let r = -308 + 312. Let v(u) be the second derivative of -u**3/3 + 9*u**2/2 - 20*u. Calculate v(r).
1
Let j(r) = 93*r**2 - 24*r - 71. Let s(z) = -35*z**2 + 8*z + 2